the remainder when 5258 is divided by 389.
201
Calculate the remainder when 135090 is divided by 135084.
6
Calculate the remainder when 4406 is divided by 1097.
18
Calculate the remainder when 1208394 is divided by 28.
26
What is the remainder when 1326 is divided by 1262?
64
Calculate the remainder when 1324 is divided by 10.
4
What is the remainder when 17469 is divided by 8710?
49
Calculate the remainder when 486 is divided by 26.
18
What is the remainder when 5513 is divided by 167?
2
What is the remainder when 7189 is divided by 2370?
79
What is the remainder when 1019665 is divided by 203?
199
Calculate the remainder when 4527 is divided by 105.
12
What is the remainder when 105577 is divided by 9?
7
Calculate the remainder when 696 is divided by 17.
16
What is the remainder when 17987 is divided by 133?
32
Calculate the remainder when 5693 is divided by 72.
5
Calculate the remainder when 6403 is divided by 1589.
47
What is the remainder when 10916 is divided by 192?
164
Calculate the remainder when 3473652 is divided by 1157882.
6
What is the remainder when 2111 is divided by 41?
20
What is the remainder when 62209 is divided by 410?
299
What is the remainder when 2922350 is divided by 19?
17
What is the remainder when 674 is divided by 201?
71
What is the remainder when 101664 is divided by 90?
54
What is the remainder when 264436 is divided by 3111?
1
Calculate the remainder when 96912 is divided by 429.
387
What is the remainder when 17477 is divided by 781?
295
What is the remainder when 2755 is divided by 49?
11
Calculate the remainder when 46151 is divided by 49.
42
Calculate the remainder when 1060 is divided by 66.
4
What is the remainder when 12306 is divided by 205?
6
What is the remainder when 22711 is divided by 64?
55
Calculate the remainder when 100210 is divided by 43.
20
Calculate the remainder when 16216 is divided by 857.
790
Calculate the remainder when 34732 is divided by 11577.
1
Calculate the remainder when 15795 is divided by 13.
0
What is the remainder when 83861 is divided by 482?
475
Calculate the remainder when 62499 is divided by 20829.
12
Calculate the remainder when 202423 is divided by 25.
23
Calculate the remainder when 13186 is divided by 2622.
76
What is the remainder when 9185 is divided by 419?
386
What is the remainder when 22431 is divided by 335?
321
What is the remainder when 31126 is divided by 24?
22
Calculate the remainder when 2206 is divided by 16.
14
What is the remainder when 7511 is divided by 7498?
13
Calculate the remainder when 6600 is divided by 1043.
342
What is the remainder when 11139 is divided by 11105?
34
Calculate the remainder when 111830 is divided by 109.
105
What is the remainder when 1076 is divided by 358?
2
What is the remainder when 1456 is divided by 91?
0
Calculate the remainder when 19649 is divided by 19.
3
What is the remainder when 2218 is divided by 2198?
20
What is the remainder when 79839 is divided by 6651?
27
What is the remainder when 1038 is divided by 173?
0
Calculate the remainder when 42769 is divided by 59.
53
Calculate the remainder when 8322 is divided by 705.
567
What is the remainder when 5191 is divided by 1035?
16
Calculate the remainder when 7367 is divided by 1825.
67
What is the remainder when 4043 is divided by 608?
395
Calculate the remainder when 1783 is divided by 594.
1
What is the remainder when 51458 is divided by 10290?
8
What is the remainder when 54449 is divided by 55?
54
Calculate the remainder when 3933 is divided by 697.
448
What is the remainder when 8288 is divided by 8076?
212
Calculate the remainder when 4540 is divided by 267.
1
What is the remainder when 44296 is divided by 1080?
16
Calculate the remainder when 36528 is divided by 99.
96
What is the remainder when 530 is divided by 245?
40
Calculate the remainder when 6360 is divided by 101.
98
Calculate the remainder when 1194 is divided by 43.
33
What is the remainder when 8498 is divided by 88?
50
What is the remainder when 29566 is divided by 327?
136
What is the remainder when 28774 is divided by 33?
31
Calculate the remainder when 8040 is divided by 2676.
12
What is the remainder when 2808 is divided by 53?
52
Calculate the remainder when 116739 is divided by 3891.
9
Calculate the remainder when 147 is divided by 88.
59
What is the remainder when 5616 is divided by 140?
16
What is the remainder when 8954 is divided by 55?
44
Calculate the remainder when 5228 is divided by 1423.
959
What is the remainder when 17957 is divided by 17747?
210
What is the remainder when 11494 is divided by 606?
586
What is the remainder when 189628 is divided by 97?
90
What is the remainder when 43836 is divided by 104?
52
What is the remainder when 7445 is divided by 2356?
377
Calculate the remainder when 75443 is divided by 238.
235
Calculate the remainder when 111412 is divided by 55683.
46
What is the remainder when 67821 is divided by 90?
51
What is the remainder when 397447 is divided by 621?
7
What is the remainder when 24156 is divided by 1219?
995
Calculate the remainder when 828 is divided by 162.
18
Calculate the remainder when 6212 is divided by 673.
155
What is the remainder when 1530364 is divided by 430?
424
Calculate the remainder when 6763 is divided by 165.
163
What is the remainder when 365826 is divided by 79?
56
Calculate the remainder when 247068 is divided by 255.
228
What is the remainder when 24294 is divided by 2697?
21
Calculate the remainder when 133583 is divided by 33367.
115
What is the remainder when 51049 is divided by 50924?
125
Calculate the remainder when 30066 is divided by 128.
114
Calculate the remainder when 43214 is divided by 279.
248
What is the remainder when 1134434 is divided by 15?
14
Calculate the remainder when 216147 is divided by 522.
39
What is the remainder when 10711 is divided by 1780?
31
What is the remainder when 84425 is divided by 274?
33
Calculate the remainder when 34818 is divided by 34804.
14
Calculate the remainder when 18192 is divided by 8398.
1396
What is the remainder when 397 is divided by 17?
6
Calculate the remainder when 18234 is divided by 1519.
6
Calculate the remainder when 16779 is divided by 1540.
1379
What is the remainder when 6942 is divided by 628?
34
Calculate the remainder when 195803 is divided by 58.
53
What is the remainder when 6344 is divided by 704?
8
What is the remainder when 456519 is divided by 55?
19
Calculate the remainder when 2935 is divided by 42.
37
What is the remainder when 25128 is divided by 35?
33
Calculate the remainder when 32241 is divided by 2015.
1
What is the remainder when 470912 is divided by 977?
975
Calculate the remainder when 12725 is divided by 1270.
25
Calculate the remainder when 1108 is divided by 329.
121
Calculate the remainder when 35600 is divided by 49.
26
What is the remainder when 42706 is divided by 116?
18
What is the remainder when 114158 is divided by 150?
8
Calculate the remainder when 7428 is divided by 17.
16
What is the remainder when 22576 is divided by 70?
36
Calculate the remainder when 6412260 is divided by 33.
30
Calculate the remainder when 3080 is divided by 161.
21
Calculate the remainder when 363 is divided by 128.
107
Calculate the remainder when 421980 is divided by 16.
12
Calculate the remainder when 3518 is divided by 1172.
2
Calculate the remainder when 541566 is divided by 5.
1
What is the remainder when 3577 is divided by 3521?
56
Calculate the remainder when 8355 is divided by 85.
25
Calculate the remainder when 66311 is divided by 142.
139
Calculate the remainder when 21175 is divided by 194.
29
Calculate the remainder when 1674 is divided by 98.
8
What is the remainder when 38316 is divided by 67?
59
Calculate the remainder when 1623 is divided by 181.
175
Calculate the remainder when 28872 is divided by 9620.
12
Calculate the remainder when 1124002 is divided by 23.
15
Calculate the remainder when 2129 is divided by 353.
11
What is the remainder when 2692267 is divided by 70?
67
What is the remainder when 1385 is divided by 1152?
233
Calculate the remainder when 30497 is divided by 500.
497
Calculate the remainder when 2828 is divided by 236.
232
What is the remainder when 9230 is divided by 81?
77
Calculate the remainder when 13758 i